 5*w(s). Let g be f(1). Suppose -g*y + 58 = -5. List the prime factors of y.
3, 7
Suppose d + 3*q = 12, 3*d - 3*q = 1 + 11. Suppose -635 = -d*l + 133. List the prime factors of l.
2
Let s(o) = -o**3 + o**2 - 2*o - 1. Let g be s(0). Let q be 23 - (1 + g)/4. Let r = q + 5. List the prime factors of r.
2, 7
What are the prime factors of (6/15*454)/((-2)/(-5))?
2, 227
Suppose p - 4*a - 23 = 0, p = -0*p + 5*a + 26. Let i(r) = 2*r - 6. Let c be i(p). List the prime factors of -1 + 5 + c + 4.
2, 3
Let w(d) = d**3 - 19*d**2 - 13*d + 13. Let c be w(21). Let k = 890 - c. What are the prime factors of k?
2, 67
Let c(y) = 96 - 16*y + 30*y - 15*y. Let s be c(0). Suppose 3*u = -5*t + s, -t + 6*t - 117 = 4*u. What are the prime factors of t?
3, 7
Suppose -2*i + f = -f - 62, -2*i - 2*f + 50 = 0. What are the prime factors of i/((-4)/(-210)*5)?
2, 3, 7
Suppose -10 = -5*v, 0*x + 5*v = -3*x + 22. List the prime factors of (59 + -1 - 1) + x.
61
Suppose 5*y = -3*h + 573, -4*h - 5*y + 160 + 609 = 0. List the prime factors of h.
2, 7
Suppose 11741 = -19*i + 48848. What are the prime factors of i?
3, 7, 31
Suppose -5*h + 88 = 258. Let t = -31 - h. Suppose t*l - 20 = l. What are the prime factors of l?
2, 5
List the prime factors of 8/52 + (-100025)/(-65) + 7.
2, 773
Suppose -57*m = 7*m - 5888. What are the prime factors of m?
2, 23
Let a(y) = y**3 + 10*y**2 + 4*y - 2. Let n be 37/4*(2 + 2). Suppose 0 = -5*o + c - 43, -4*c + n = 4*o - 9*o. List the prime factors of a(o).
43
Let r(h) = h**2 + 22*h - 37. List the prime factors of r(20).
11, 73
Let c(w) = -585*w**3 + 2*w**2 + 4*w + 4. List the prime factors of c(-1).
587
Let o be ((-84)/(-98))/(4/14). What are the prime factors of (o + -7 - 103)/(-1)?
107
Let z = 15 + -13. Suppose -5*g = o - 11, -2*o + 92 = z*o + 4*g. Suppose -o = -b - 1. List the prime factors of b.
5
Let s be 1 + -105 - (0 + -4). Let l = s + 145. What are the prime factors of l?
3, 5
Suppose -3*p - 20 = p, 4*x + p - 283 = 0. Suppose 7*s - s + x = 0. What are the prime factors of 0*(-3)/s - -48?
2, 3
Suppose -4*v - x - 19 = 2*x, -v = 5*x + 9. List the prime factors of 4 + (83 - v/(-2)).
5, 17
Let a(t) = t**3 - 3*t**2 + t. Let p be a(3). Let n be 6/(-4) - 97/(-2). Suppose 5*m - p*o - 81 = 0, -n = -5*m + 2*m + o. What are the prime factors of m?
3, 5
Let s = -7 - 5. Let m = 20 - s. Suppose 4 - m = -2*j. List the prime factors of j.
2, 7
Suppose -5*x + x - x = 0. Suppose x = 6*m - 190 - 224. What are the prime factors of m?
3, 23
Suppose 0 = -3*c - c - 44. Let k = c + 9. What are the prime factors of 12/(-16)*22*k?
3, 11
Suppose 13 = k - 2*k. Suppose 3*j - 33 = -3*m, 6 = m - 0*j + 2*j. Let f = m + k. List the prime factors of f.
3
Let q(p) be the first derivative of 5*p**2 + 30*p + 5. What are the prime factors of q(26)?
2, 5, 29
Suppose -2*u + 9 - 3 = 0. Let s(c) = -c + c**2 - 1 + 2 + u - 1. What are the prime factors of s(-3)?
3, 5
Let h be (278/(-8))/((-1)/4). Let g = h + 13. What are the prime factors of g?
2, 19
Let j(o) be the second derivative of -o**5/20 + o**4/3 + o**3/2 - 5*o**2/2 + 5*o. Let m(d) = 2*d. Let s be m(2). What are the prime factors of j(s)?
7
Let n(k) = 3*k**2 + 9*k - 17. Let s be n(-9). Let j = s - 58. List the prime factors of j.
3, 29
Suppose 0*s + 0*s = 9*s. Suppose 31*o - 32*o + 90 = s. List the prime factors of o.
2, 3, 5
Let s = 873 - 606. What are the prime factors of s?
3, 89
Let w be 4/6*(-3564)/(-24). Let x(q) = -8*q**3 + q**2 - 2*q - 1. Let k be x(2). Let n = k + w. List the prime factors of n.
2, 17
Suppose 0 = -4*z - 4*r + 184, 4*r + 178 = 3*z + 54. List the prime factors of z.
2, 11
Let l = 25 + -17. Let u(k) = k**3 - 9*k**2 + 8*k + 6. Let a be u(l). Suppose 2*v - a = -v, 2*v - 139 = -5*d. List the prime factors of d.
3
Suppose -2*p + 68 = 2*g, 5*g - p = 3*g + 59. Let s = g - -121. What are the prime factors of s?
2, 19
Suppose 1979*y - 31340 = 1969*y. What are the prime factors of y?
2, 1567
Let l = -26 + 16. Let a(q) = q**3 + 11*q**2 + 8*q - 2. What are the prime factors of a(l)?
2, 3
Let q be ((-4)/(-6))/((-2)/(-12)). Suppose 22 = 6*o - q*o. Suppose o + 97 = 4*p. List the prime factors of p.
3
What are the prime factors of 226/4 + (-4)/(-8)?
3, 19
Let q = 212 - 154. List the prime factors of q.
2, 29
Suppose 3*d - 2*r = -4, 0 = 2*d + r + r - 4. Suppose 3*v - 535 = -5*b, -2*v - 2*b + 206 + 152 = d. List the prime factors of v.
2, 3, 5
Let h = 969 + 805. What are the prime factors of h?
2, 887
Suppose -3*r + 19 = 5*q + 137, -2*r = 4*q + 96. Let n = q - -56. List the prime factors of n.
2, 3, 5
Suppose 4*a - 1 = 7, a = i - 852. List the prime factors of i.
2, 7, 61
Suppose -g - 5 + 2 = 0. What are the prime factors of -15*((-1)/g + -2)?
5
Suppose 396 = 8*j - 844. List the prime factors of j.
5, 31
Let n = 26 + -52. Let o = n - -36. What are the prime factors of o?
2, 5
Let g(m) = 163*m**3 - 2*m**2 + 5*m - 10. List the prime factors of g(2).
2, 3
Suppose 5*y - 5 + 8 = 2*h, -3*y = -h + 2. List the prime factors of -1 - h/((-1)/(-100)).
3, 11
Let y(c) = 2*c**2 + 2*c + 1. Let i be y(-2). Suppose i*k + 0*t = 2*t + 69, -k + 4*t = -3. What are the prime factors of k?
3, 5
Let f(a) = -2*a - 2. Let s be f(-2). Suppose -2*z = 5*k + 6 - 1, 2*z = -s*k - 2. Let y(r) = r**3 - r**2 + 8. List the prime factors of y(z).
2
Suppose -40*n + 11135 - 3775 = 0. What are the prime factors of n?
2, 23
Suppose 25 = 5*d, 4*c - 3*c = -5*d + 30. Let n(w) = 10*w**2 - 6*w + 21. List the prime factors of n(c).
241
Let m(c) = -2*c**2 + 3*c + 5. Let g be m(-2). Let q = 126 + g. What are the prime factors of q?
3, 13
Suppose 2386 = 3*j + 244. Suppose 5*a + 2*m + m - j = 0, m = -2*a + 285. What are the prime factors of a?
3, 47
Let p = 101 - -112. What are the prime factors of p?
3, 71
Let f(p) = -p**3 - 4*p**2 - 4*p - 2. Let z be f(-2). Let l(m) = -18*m**3 - 3*m**2 - 2*m - 4. What are the prime factors of l(z)?
2, 3, 11
Let z be 0/((-3 - -6)/(-3)). Let n = -1 - z. What are the prime factors of -1 + (31 - (-3)/n)?
3
Suppose -6*z + 2*z + 432 = 0. Let o = -66 + z. List the prime factors of o.
2, 3, 7
Let v be 16/(-1) - (-16)/4. Let m be 2 - 8/v*6. Suppose -180 = -m*s + 2*s. What are the prime factors of s?
3, 5
What are the prime factors of 3338 - (7/(-21) + (-32)/12)?
13, 257
Suppose o + 4*j = 626, o - 4*j - 865 = -263. List the prime factors of o.
2, 307
Let j = 174 + 118. What are the prime factors of j?
2, 73
Suppose -d = -4*g - 381 + 10, -5*d + 5*g + 1795 = 0. List the prime factors of d.
5, 71
Suppose -l - 4*r = 3 + 4, -l = r - 2. Suppose 3*z + l*b = z + 154, -5*z + b = -385. List the prime factors of z.
7, 11
Let g(f) be the first derivative of -3*f**4/4 + f**2/2 + 4*f + 14. List the prime factors of g(-3).
2, 41
Let a(v) = v**3 + 6*v**2. Let j be a(-6). Suppose 32 = 4*u - 4*h - 276, -2*u + 4*h + 144 = j. List the prime factors of u.
2, 41
Let f = -30 - -45. Suppose o = f*o - 2912. List the prime factors of o.
2, 13
Let y be 30/(-225) - 3377/(-15). List the prime factors of (-8)/(-10)*y/3.
2, 3, 5
Suppose 0 = -o - 0 + 21. Let h = o - -27. List the prime factors of h.
2, 3
Suppose 4*k + 25 = 69. Suppose k = l + 10. What are the prime factors of (l - 0)/(1/19)?
19
Let j = 36 - 35. Suppose d = -j - 2. List the prime factors of 14 - (-7 - -1 - d).
17
Let t(f) = f**2 + 7*f + 23. Let b be t(-4). Let o(l) = l**2 - l - 26. List the prime factors of o(b).
2, 3, 7
Let y = 4 - 4. Let b(c) = -c**3 + 3*c**2 + 2*c - 3. Let s be b(3). Suppose s*g + 2*u - 28 = y, 0 = g - 3*u + 9. List the prime factors of g.
2, 3
Let n = -6 + -4. What are the prime factors of (-60)/9*75/n?
2, 5
Suppose h + 1 = 0, -3*c + c - h + 1629 = 0. List the prime factors of (20/12)/(-3 + c/270).
2, 3, 5
Suppose -4*d - 1008 = -3720. What are the prime factors of d?
2, 3, 113
Suppose 5*x + 50 + 555 = 2*n, -5*x - 920 = -3*n. What are the prime factors of n?
3, 5, 7
Let k = -171 + 299. List the prime factors of k.
2
Let y = -495 - -754. Let i = -174 + y. Suppose -3*b = -9, 3*j = 5*j + b - i. What are the prime factors of j?
41
Suppose 0 = 4*b - 6 - 2. Suppose -b*p + 303 = p. List the prime factors of p.
101
Let j = -10 - -14. Suppose 12 - j = 4*z. Suppose 0 = z*r - 5*m + 4*m - 68, -4*m + 16 = 0. List the prime factors of r.
2, 3
Let i = -1615 - -2699. List the prime factors of i.
2, 271
Supp